Calculate the highest common divisor of c and 15.
15
Suppose t + 4 = -3*w, 4*w + 6 = 2*w + t. Suppose 0 = -5*q - 22 - 13. Let n be (8*5)/(w/q). Calculate the highest common factor of 20 and n.
20
Let c = 815 + -561. Suppose -c + 34 = -5*w. Calculate the greatest common factor of 22 and w.
22
Let a be -1 - (0 + -2 - 0). Let w be 1*(-3)/(-1)*a. Suppose 3*h = 2 + 1. What is the highest common factor of h and w?
1
Let b be 5*(1 + -2 + 2). Suppose 166 = 4*i + 4*z - 14, 2*i = 3*z + 65. What is the highest common factor of b and i?
5
Let v be (4/(-8))/((-1)/30). Let j be 18/10 - (-1)/5. Let k(f) = f**2 - f + 1. Let r be k(j). Calculate the highest common factor of r and v.
3
Suppose -3*n = -0*n - 9. Suppose -n*h = 2*w - 21, -4*w = 2*h - 21 - 41. What is the highest common factor of w and 27?
9
Let c = 21 - 13. Let r(u) = -u**2 - 13*u - 20. Let o be r(-9). Calculate the highest common divisor of o and c.
8
Let u = 157 - 106. Let t = -17 + 34. What is the highest common divisor of t and u?
17
Let h(a) = -18*a**3 - a**2 + 1. Let k be h(-1). Suppose b + 5*t = 16, -b + 2 = -t - 2. Calculate the highest common factor of k and b.
6
Suppose 2*j - 2*h - 21 - 27 = 0, -4*j + 5*h + 91 = 0. Suppose 455 = 5*w - 4*u, -110*w = -114*w + 2*u + 358. What is the highest common divisor of j and w?
29
Let a = 339 - 149. Calculate the highest common factor of 38 and a.
38
Let x be ((-3)/2 - -1)*-4. Suppose -3*l + 95 = x*l. Calculate the greatest common factor of 38 and l.
19
Suppose -4*v + 5 = -3. Suppose 0 = v*z + 2 - 6. Calculate the greatest common factor of 4 and z.
2
Let v be (-1)/4 + (-61)/(-4). Let y be (3588/27)/13 - (-4)/(-18). What is the highest common divisor of y and v?
5
Suppose 0 = 5*s - 16 - 29. What is the highest common divisor of s and 63?
9
Let t = -19 - -50. Calculate the highest common divisor of t and 124.
31
Let q be -2*(33/(-2) + -1). Suppose 4*z + d = 197, -2*d = z + 3*d - q. Calculate the highest common factor of 10 and z.
10
Let f be -2 - ((-17 - -2) + -2). Let g be (4/6)/(-1)*f. Let p be (-75)/g + 2/4. Calculate the greatest common factor of p and 24.
8
Let a = 53 + -23. What is the highest common divisor of 210 and a?
30
Suppose -32*w + 28*w = -40. What is the greatest common factor of w and 10?
10
Suppose 2*c + 8 = -0*c. Let n = 9 + c. Suppose 0*s - n*s = -220. Calculate the highest common factor of s and 22.
22
Suppose -236 = -5*k - 11. Suppose 6 = 2*r - 0*r. Suppose 4*b + r*s = b + 18, 2*s - 27 = -5*b. Calculate the highest common factor of k and b.
5
Let r(s) = 2*s**2 + 12*s + 2. Let k be r(-7). Suppose -115 = -3*v - 5*y, 0*v + 4*v - 5*y - 165 = 0. What is the highest common factor of k and v?
8
Let g(i) = 4*i**2 + 7*i + 1. Let d be g(-3). Calculate the greatest common factor of 4 and d.
4
Let a(f) = 2*f**2 + 6*f + 7. Let z be a(-5). Calculate the highest common factor of 3 and z.
3
Suppose -7 = 4*a - 63. Suppose 3*m = 41 - a. Calculate the greatest common factor of 72 and m.
9
Let q be 1 - (-5 - -2)/1. Suppose w - 15 = -q*w. Calculate the highest common divisor of 2 and w.
1
Let b(z) = 7*z**3 - 5*z**2 + 4*z - 2. Let i be b(3). Calculate the highest common factor of 22 and i.
22
Let c(g) = -g**3 - 12*g**2 - 51*g - 17. Let r be c(-8). Suppose 3*d + 35 = 80. What is the greatest common factor of r and d?
15
Suppose 5*g - 2*g = j - 71, 4*g - 36 = -j. Let z(o) = -o + 9. Let p be z(6). Let i be p - ((-8)/(-4) - 6). Calculate the greatest common divisor of j and i.
7
Suppose -2*w = -w - q, 4 = w + q. Let v be ((-5)/10)/(2/(-32)). What is the greatest common divisor of v and w?
2
Suppose 4*i = 5*z - i - 980, 0 = -5*i. Suppose -5*q + 4*r + z = 0, -74 = -2*q + 3*r + 10. Calculate the highest common factor of q and 9.
9
Let z = -10 + 4. Let m be ((-6)/1)/(z/66). Suppose -2 = 3*x - 8, 5*x - 230 = -5*k. Calculate the highest common divisor of m and k.
22
Suppose -2*t - 2*p - 44 = -3*t, t - 74 = -4*p. What is the greatest common divisor of t and 18?
18
Let i(g) = 24*g**2 + 2*g + 2. Suppose 0 = 2*u + 17 - 15. Let l be i(u). Calculate the highest common divisor of 16 and l.
8
Let d(c) = -2*c + 6. Let x be d(-15). What is the highest common factor of 12 and x?
12
Let j = 10 - 9. Let w be 16*j*(0 - -1). What is the highest common divisor of 32 and w?
16
Let p(f) = f**2 + 5. Let h be p(0). Suppose h*r - 8 = 4*r. Let b = 7 + r. What is the greatest common divisor of b and 75?
15
Let z = -76 + 78. Calculate the greatest common factor of z and 26.
2
Let d(p) = 95*p**3 + p**2 - p. Let l be d(1). What is the greatest common divisor of l and 19?
19
Let z = -6 + 9. Let r(t) = 2*t**2 + 4*t - 3. Let n be r(z). Suppose 2*m - 15 = 3*k - 2, 0 = 4*m - 5*k - n. Calculate the highest common factor of m and 8.
8
Suppose 5 = g, 3*c - 2*g = 2*g - 11. Suppose -h = -c + 4, -5*h + 7 = 2*a. Let f be (-2)/(-1 + 1/2). Calculate the greatest common divisor of f and a.
2
Let b = 1 + -1. Suppose b = -m + 3 + 12. Calculate the highest common divisor of m and 30.
15
Suppose 120 = -2*n + 6*n. Calculate the greatest common factor of 6 and n.
6
Let h be 2 + (-2)/(-1) - 2. Let c be (-1)/h*0/(-1). Suppose 2*u - 14 = -c. Calculate the highest common divisor of 56 and u.
7
Let l be (-10)/(-40) - (-2698)/(-8). Let m = l + 484. Calculate the greatest common factor of m and 21.
21
Suppose 0 = -6*w - 1 + 25. Let z be (-40)/(-18) + (-2)/9. Suppose 2*u - 96 = -z*m, 2*u - 39 - 29 = 5*m. Calculate the highest common divisor of u and w.
4
Let w be 26/130 + (-44)/(-5). Calculate the highest common factor of 27 and w.
9
Let a be (-4)/(-12) - (-29)/3. Let h(u) = -2*u + 0 + 4 + 3*u**2 - u**3 - 2. Let t be h(2). Calculate the highest common divisor of a and t.
2
Let a be 2*(30/4)/5. Suppose 0 = -4*d - 3*h + 407, 2*d - 2*h = a*d - 98. What is the greatest common factor of 13 and d?
13
Let d(o) = -o**3 + 7*o**2 - 5*o + 2. Let m be d(8). Let w be m/(-15) - 2/(-10). Suppose 3*i - 18 = 66. Calculate the highest common factor of w and i.
7
Let r = 7 - 4. Let d(g) = g**3 - g**2 + 2*g + 4. Let n be d(r). Suppose 6*m + 16 = 10*m. Calculate the highest common factor of m and n.
4
Let l = -3 - -2. Let c = 4 - l. Suppose 3*m - m = 10. What is the greatest common divisor of m and c?
5
Let f be 44/10 - (-2)/(-5). Let d(a) = 3*a - 6. Let r be d(f). Calculate the highest common factor of r and 12.
6
Let n(g) = g**2 + 3*g + 3. Let j be n(-4). Suppose 60*o = 55*o + 5. Calculate the greatest common divisor of o and j.
1
Let d = 88 - 13. Suppose 4*k + 314 = 4*s + 94, 3*s = 4*k + 160. Suppose o + 2*v = 30, 2*o = v + v + s. What is the greatest common divisor of d and o?
15
Let a = 498 - 258. Suppose 280 = 4*v - a. What is the highest common divisor of 52 and v?
26
Let n = 137 - 113. Calculate the highest common factor of 42 and n.
6
Suppose 5*n - 4 + 14 = 3*z, -2*z + 8 = -2*n. Suppose 158 = z*u - 3*k - 85, -148 = -3*u + 4*k. What is the highest common factor of u and 6?
6
Let k be (4/1)/2 + 1237. Suppose -3*p = -3*f + 681, -299 + k = 4*f + 4*p. What is the highest common divisor of 21 and f?
21
Let k(t) = -t**2 - 6*t - 2. Let p be k(-6). Suppose y = -5*a + 14 + 1, -2*a - 2*y = -6. Let b be 430/a - p/(-6). What is the highest common factor of 13 and b?
13
Let d = -3 + 8. Let j = d - 2. Suppose -j - 6 = -k. What is the highest common factor of 81 and k?
9
Let q(p) = 68*p**2 - 2*p. Let w be q(-1). What is the highest common divisor of 10 and w?
10
Suppose 3*x + 14 = 4*f, 3*x + 6*f - 2 = 2*f. Let t(r) = -r - 1. Let i be t(x). What is the greatest common divisor of i and 3?
1
Let n = -9 + 25. Suppose 87 = 5*f - 113. Calculate the greatest common factor of f and n.
8
Let t be 478 - 7/((-14)/4). Suppose p = 3*d - 360, -4*d + 5*p + 0*p = -t. Calculate the highest common divisor of d and 20.
20
Suppose -4 = -2*y + 2. Let q = 19 - -2. Calculate the greatest common divisor of y and q.
3
Suppose 5*f + 137 = 4*b, -f - 3 = 2. What is the greatest common divisor of b and 42?
14
Let v(w) = -w**2 - 5*w + 6. Let o be v(-8). Let n be (12*o/4)/(-2). What is the highest common factor of n and 9?
9
Suppose 0 = 5*j + 5*t - 215, 3*t = -10 + 4. What is the highest common divisor of 5 and j?
5
Suppose 3*f + 5*o = 4*o + 5, -f + 2*o + 11 = 0. Suppose 3*w - 168 = f*k, -5*w = 2*k + 2*k - 262. What is the highest common factor of w and 6?
6
Let y be 32